-205 - -531211315?
531211110
In base 6, what is -3025245552 + 2?
-3025245550
In base 8, what is -73662 + -13440?
-107322
In base 4, what is 3 + 1221300030001?
1221300030010
In base 5, what is -13210300 + 303142?
-12402103
In base 14, what is 2 - -296cb3?
296cb5
In base 11, what is 153236 - 39?
1531a8
In base 7, what is 16243003 + 13?
16243016
In base 13, what is -206a0 - c6?
-20796
In base 7, what is 34131 - -2203?
36334
In base 9, what is -233 + 2685?
2452
In base 16, what is 91a - 14bf?
-ba5
In base 12, what is 265898 - 103?
265795
In base 15, what is -4 - -ca52d?
ca529
In base 9, what is 24 - 1403814?
-1403780
In base 7, what is 42264652405 - -5?
42264652413
In base 2, what is -10010011010111 - 1010110111001?
-11101010010000
In base 5, what is 41323 - 34020?
2303
In base 5, what is 23243133 - 11?
23243122
In base 7, what is 14 - 24216025?
-24216011
In base 15, what is -376c8 - -30?
-37698
In base 9, what is -38 - -611833?
611784
In base 12, what is -28a0b + 582?
-28449
In base 9, what is 23172 + 1026?
24208
In base 10, what is 3 + 1033256?
1033259
In base 4, what is -2303301 - -210200?
-2033101
In base 4, what is -33 - -30311103220?
30311103121
In base 5, what is -10 - 23443142320?
-23443142330
In base 4, what is 12 - 11323222332?
-11323222320
In base 9, what is -23274 + 333?
-22841
In base 15, what is -7 - -ad8c3c5?
ad8c3bd
In base 3, what is -21220102002211202222 + -2?
-21220102002211210001
In base 12, what is -445 + -6636?
-6a7b
In base 12, what is 719b - 1022?
6179
In base 4, what is -10 + -201103123030?
-201103123100
In base 16, what is 29 + 491e2?
4920b
In base 8, what is -6524655 - -173?
-6524462
In base 16, what is 9490ec1 - -1?
9490ec2
In base 15, what is 740 - a4e8?
-9ca8
In base 12, what is 4257042b - -5?
42570434
In base 8, what is -217564 + 2023?
-215541
In base 12, what is 22b - -18300?
1852b
In base 15, what is -a29e400 - 1?
-a29e401
In base 3, what is 102 + -220000200012?
-220000122210
In base 2, what is -10111 - -1000001010000110010000011?
1000001010000110001101100
In base 2, what is 11 - -11011110111011100110110000?
11011110111011100110110011
In base 10, what is -1643 + 6647?
5004
In base 3, what is 11 - 2002002122201?
-2002002122120
In base 6, what is 1443403 - -45452?
1533255
In base 3, what is 1020212021122220220 - 11?
1020212021122220202
In base 12, what is 19a2a96 + b9?
19a2b93
In base 13, what is -236 - -14ac4?
1488b
In base 15, what is 47d5eb - -d?
47d609
In base 3, what is 211020001110 + 1201?
211020010011
In base 2, what is -100101 + 11100111101101100000100?
11100111101101011011111
In base 9, what is 0 + 176216?
176216
In base 6, what is 23 - 33301215?
-33301152
In base 10, what is -5 + 85968257?
85968252
In base 7, what is 50534460 - 1?
50534456
In base 15, what is -30 - 1505b40?
-1505b70
In base 10, what is 89 + 712236?
712325
In base 15, what is 2b6d7 + 1e?
2b706
In base 12, what is 0 - -487684b8?
487684b8
In base 14, what is -a6770 - 6b?
-a67db
In base 13, what is -2740 + b571?
8b31
In base 16, what is 2a161 - -4bd?
2a61e
In base 16, what is 3a3247 + 82?
3a32c9
In base 2, what is -100 - 1000001101100100001000010001?
-1000001101100100001000010101
In base 12, what is -2ab2 - 1484?
-4376
In base 16, what is -37e - -2533?
21b5
In base 14, what is -92 + bd580a?
bd5758
In base 10, what is -27868 + -609?
-28477
In base 10, what is -2892000 + 2?
-2891998
In base 2, what is -100011111000111 - 110001000?
-100100101001111
In base 6, what is 35535303 - -12?
35535315
In base 16, what is 3e06d51 + -3?
3e06d4e
In base 6, what is -545303411 - 1?
-545303412
In base 13, what is -cac734ac - 5?
-cac734b4
In base 3, what is 20100 - -1122202121?
1122222221
In base 11, what is -43 - -115210?
115178
In base 13, what is 2 - 369ba676?
-369ba674
In base 4, what is 201002 - -13300330?
20101332
In base 15, what is 7aa0bc7 + -3?
7aa0bc4
In base 9, what is -1364136424 + -2?
-1364136426
In base 14, what is 13b86869 + 5?
13b86870
In base 3, what is 1220122122 - 1210?
1220120212
In base 15, what is -4c4 + -11e90?
-12464
In base 9, what is 37341 + -3375?
33855
In base 12, what is -127 + 327066?
326b3b
In base 15, what is -da7 + 2a45?
1b8d
In base 11, what is 2227 - -1217?
3443
In base 10, what is 2 - -2214843?
2214845
In base 16, what is 162f - -246c?
3a9b
In base 9, what is 328 - 122276?
-121847
In base 5, what is 10 + -240214221?
-240214211
In base 14, what is 97d804 - 4?
97d800
In base 9, what is 220016 + 4262?
224278
In base 8, what is 17 - -1061145?
1061164
In base 7, what is 121 + -66431621?
-66431500
In base 4, what is 311 + -10001212022?
-10001211111
In base 15, what is be52c7 + -2?
be52c5
In base 15, what is -9e9a - 107?
-a0a2
In base 5, what is 4231 - -31330123?
31334404
In base 8, what is -164165 - 1160?
-165345
In base 15, what is 83d2 - -11b2?
9594
In base 9, what is 16515401 - -14?
16515415
In base 5, what is -11 + -2312103023?
-2312103034
In base 15, what is 55611 + 14?
55625
In base 11, what is -2348447 - 0?
-2348447
In base 8, what is 1045645 + 353?
1046220
In base 10, what is -824074086 + -1?
-824074087
In base 10, what is -5771 - -4703?
-1068
In base 3, what is 12210 - -200001?
212211
In base 12, what is -1914537 - 5?
-1914540
In base 15, what is 766b + -2d0?
738b
In base 3, what is 11011121221101 + 12212?
11011122011020
In base 13, what is 4 + -7c72630?
-7c72629
In base 9, what is 5250 + 1632?
6882
In base 8, what is 257111 - -15037?
274150
In base 10, what is 41011 + 278?
41289
In base 13, what is 12487 + -1834?
10953
In base 3, what is 2202 - 2201001110111?
-2201001100202
In base 15, what is -a58 + -14bd?
-2026
In base 16, what is 2c + 5b0116?
5b0142
In base 4, what is -1002332 - -220331?
-122001
In base 15, what is -4c2 + -2b16?
-30d8
In base 7, what is 4204 + 1231402?
1235606
In base 16, what is -c71 - -995?
-2dc
In base 11, what is 1847a + -127a?
17200
In base 7, what is -1162 - -101662?
100500
In base 16, what is -be50 + -385?
-c1d5
In base 7, what is -616 - 26245?
-30164
In base 8, what is 155 - -57116?
57273
In base 4, what is -230322202303 + -2?
-230322202311
In base 4, what is 1110220033 + -1002?
1110213031
In base 14, what is -301b9a0 - 1?
-301b9a1
In base 4, what is -2323222320 - -22?
-2323222232
In base 16, what is 48f2b0 - 5?
48f2ab
In base 15, what is -5a + 14a4ad?
14a453
In base 4, what is -11 + -1101223230200?
-1101223230211
In base 6, what is -342 - -1220444?
1220102
In base 11, what is 29969 - 31a?
2964a
In base 2, what is -1111111101011 - 101001000001?
-10101000101100
In base 13, what is -1c914 + -71?
-1c985
In base 12, what is -1b86443a - -3?
-1b864437
In base 10, what is -19 - -895359?
895340
In base 2, what is 1001100001100101101 + -100010?
1001100001100001011
In base 13, what is 35a8 - -48ac?
8187
In base 15, what is 9 + 2e6753?
2e675c
In base 2, what is -1 - 101010010010111100110011100?
-101010010010111100110011101
In base 10, what is 2567118 + -16?
2567102
In base 16, what is -6 + -237995?
-23799b
In base 16, what is 102 + 15e1a?
15f1c
In base 8, what is -2 - 2370666340?
-2370666342
In base 7, what is -13431 + -14334?
-31065
In base 6, what is 505104133 + -41?
505104052
In base 6, what is -241 - -2003235552?
2003235311
In base 12, what is 3 - 97717b7?
-97717b4
In base 13, what is 1a9 - -188b6?
18a92
In base 7, what is -115420334 + 3?
-115420331
In base 3, what is -10021 - -2101220210?
2101210112
In base 7, what is 334033 + -1?
334032
In base 6, what is 332 - 31351151?
-31350415
In base 3, what is 1211 + 1222102212000?
1222102220211
In base 5, what is 21 + 33001033311?
33001033332
In base 12, what is 2 - -54aba85?
54aba87
In base 14, what is 91952 - -232?
91b84
In base 13, what is 5 + -20362c2?
-20362ba
In base 16, what is f50ad - 31?
f507c
In base 8, what is -1242540173 + -2?
-1242540175
In base 8, what is -10 - -406163561?
406163551
In base 16, what is -1907f4 + 1fc?
-1905f8
In base 9, what is 17645266 + -58?
17645207
In base 9, what is 22 + -211603?
-211571
In base 4, what is -3021020200 - 3?
-3021020203
In base 12, what is -3b57a78 - -5?
-3b57a73
In base 4, what is 130210022 + 1021?
130211103
In base 2, what is -101 - -10001111010101001000?
10001111010101000011
In base 11, what is 2840214 - -31?
2840245
In base 16, what is -64 - -8a914?
8a8b0
In base 10, what is -137986858 - 3?
-137986861
In